140?
28
Let r(w) = 42*w - 342. Let g be r(10). Suppose 9*k = 30 + 24. What is the greatest common factor of k and g?
6
Suppose -m + 3 = -0. Suppose -6 = m*b, 18 = s - 3*b + b. Let c(p) = -p + 84. Let o be c(0). What is the greatest common factor of o and s?
14
Suppose 3*x - 4*c = 4066, -38*c + 4076 = 3*x - 37*c. Calculate the greatest common divisor of x and 2522.
194
Let k be ((-1764)/(-140))/(7/5075 - 0). Calculate the greatest common factor of k and 580.
145
Let m = 64 - 57. Let q = m - -10. Suppose -4*d - q + 113 = 0. Calculate the highest common divisor of 32 and d.
8
Let f(l) = -18*l**2 + 19*l + 40. Let h be f(-7). Let y be 4*2/(-36) - h/135. Calculate the greatest common divisor of 1 and y.
1
Suppose 29*h = 45 + 303. Let n be (-171)/6 - (-4)/(-8). Let v = -25 - n. What is the greatest common divisor of h and v?
4
Suppose 5*j = -2*a + 4*a + 23, 9 = -j - 3*a. Suppose c + 3*z - 50 = 0, 0 = -j*c + 9*z - 6*z + 114. What is the greatest common divisor of 451 and c?
41
Suppose -26*b + 24*b + 8299 = -13605. Calculate the greatest common factor of 74 and b.
74
Let w(m) = -4*m + 487. Let p be w(114). Calculate the greatest common factor of 899 and p.
31
Let g be (1 - -550)/((-1)/(-1)). Let x = 103419 - 103390. Calculate the highest common factor of g and x.
29
Suppose 3*t - 209 + 117 = -4*u, -20 = 5*u. Calculate the highest common factor of 204 and t.
12
Let m = 124 + 1066. Calculate the greatest common divisor of m and 1870.
170
Let f be 5/20 - (-1294)/8. Let g = -75 + f. Let a = g - -57. What is the greatest common divisor of a and 16?
16
Let d(f) = f**3 + 4*f**2 + 3*f - 10. Let n be d(-4). Let s = -20 - n. Suppose 2*j = -2*q, q + 3*j - s = -4*q. What is the highest common divisor of q and 1?
1
Let o be (-84)/24*-25*4. What is the greatest common divisor of 150 and o?
50
Let f be 6/(-21) + 117/(-7). Let x = f - -23. Suppose -2*v = a, -3*a + 3 = a + 5*v. Calculate the highest common divisor of a and x.
2
Suppose 0 = -81*w + 65*w - 1216. Let s be w/((-16)/((-48)/(-6))). Suppose 0 = p + 4*p - 380. Calculate the greatest common divisor of s and p.
38
Let n = 35 - 27. Suppose -5*w - 5*c = -355, -4*w = 13*c - 2*c - 249. What is the highest common factor of n and w?
4
Let i(h) = -3*h + 21. Let q be i(6). Suppose 0 = -3*o + 6, 3*z = 2*o - 4 - q. Let b = z - -11. Calculate the highest common divisor of b and 60.
10
Suppose -7*p + 8*p = 84. Let j(i) = 78*i + 294. Let l be j(0). What is the highest common factor of p and l?
42
Suppose -d = d - 58. Let g = -11 + d. Let k be ((-9)/(-2))/(g/24). What is the highest common factor of k and 54?
6
Let k be (45/(-12))/((-3)/44). Let p be 202/22 - (1 + (-45)/k). What is the highest common factor of 9 and p?
9
Let m = -5004 - -7244. Calculate the greatest common divisor of 350 and m.
70
Suppose 0 = 5*y + 20, -u - 30*y + 3 = -29*y. Suppose 24*p = u*p + 612. What is the greatest common divisor of p and 60?
12
Suppose 5*m - 2 - 33 = 0. Suppose -5*w - 2 = -4*q + 5, 0 = -q + 3*w + m. Let f be ((-6)/10)/(0 - q/(-10)). Calculate the greatest common divisor of 24 and f.
3
Let p be 3/((-9)/75) + 2 + 0. Let y be 1/(-2) - p/2. Suppose -y = 4*k - 5*k. Calculate the highest common factor of k and 99.
11
Let k be 7/(-14) - (-1)/(2/595). Suppose -3*q + k + 269 = 5*h, 3*h - q = 334. What is the greatest common factor of 144 and h?
16
Let s = 10086 + -10074. What is the greatest common divisor of 26352 and s?
12
Suppose y - 74 - 27 = -x, -5*x + 511 = 3*y. Suppose -13*k = -247 - x. Let a = -4 + 22. What is the highest common divisor of k and a?
9
Suppose -696 - 404 + 359 = -13*h. Calculate the highest common divisor of h and 72.
3
Suppose 2*x + 3 - 68 = -5*u, 9*u - 91 = -x. Let v(t) = -t - 7. Let b be v(-9). Suppose -36 = -6*r + b*r. What is the greatest common factor of u and r?
9
Let t(y) = 3*y**3 - 30*y - 8. Let i be t(5). What is the greatest common divisor of i and 403?
31
Suppose -107*o + 341*o - 16146 = 0. Let u(v) = -v - 1. Let r be u(-4). Calculate the highest common divisor of o and r.
3
Suppose 7*h + 96 = 2*b + 5*h, 4*h - 176 = -4*b. Let v(z) = -z**3 + 48*z**2 - 93*z + 61. Let u be v(b). What is the greatest common factor of u and 375?
15
Let d = 51 + -25. Let t(p) = p**2 - 12*p - 43. Let f be t(-8). Calculate the highest common divisor of f and d.
13
Let c be 6 + 53 + 18/(24/(-4)). Let g(t) = -t - 1. Let q be g(1). Let a be (-16)/(-6)*(1 - q). Calculate the greatest common divisor of a and c.
8
Let f(t) = 16*t + 408. Let m be f(-17). What is the highest common factor of 16 and m?
8
Let f(j) = -j**3 + 10*j**2 + 18*j - 34. Let p be f(11). Suppose 2*h + 4091 = 5*b, -2*b - h - 3271 = -6*b. Calculate the greatest common factor of p and b.
43
Suppose -7*t + 7 = -49. Let a be (-2)/t + (-2694)/(-24). Let x = a - -5. Calculate the greatest common factor of x and 13.
13
Let x = 149 + -145. Suppose 3*a = 3*v - 8 - x, 3*a - 3 = 0. Let n be (-20)/6*(-9)/2. Calculate the greatest common divisor of v and n.
5
Suppose 9*m - 36 = 90. Suppose -2*v + 11*p + 672 = 12*p, v - p - 336 = 0. Calculate the highest common divisor of m and v.
14
Let a be (13 - (-1524)/(-108))/(22/(-4257)). Let x = 117 - 74. What is the greatest common factor of x and a?
43
Suppose 0 = 13*r - 9*r - 16, -1194 = -5*a + 4*r. Let i = 260 - a. Let u(w) = -w**2 + w + 72. Let z be u(0). What is the greatest common factor of z and i?
18
Let q(k) be the second derivative of -37*k**3/3 + 49*k**2 - 63*k - 2. Let i be q(-7). What is the greatest common divisor of 56 and i?
56
Let c be (2 - (-14)/5)*(27 - (-5 + 27)). What is the highest common factor of 16404 and c?
12
Let q(b) = -b**3 + 7*b**2 + 6*b - 23. Let m be q(7). Let z(p) = 12*p - 60. Let s be z(m). What is the greatest common divisor of 24 and s?
24
Let x = -16 + 18. Suppose -18 = -0*t - t - 3*g, x*g = -4*t + 102. Suppose -s + 9*s = 1944. Calculate the highest common factor of t and s.
27
Let r(y) = -y**2 - 7*y. Let h be r(-7). Suppose 0 = -12*a - 0*a + 720. Suppose 3*x = -3*t + a, -x = -h*x. What is the highest common factor of t and 30?
10
Suppose 9*t - 27*t - 54 = 0. Let r be t/((-39)/1285) - 4/(-26). Calculate the greatest common factor of r and 33.
33
Suppose 2*b + 4*x - 56 = 0, 4*b = 3*x + 17 + 84. Suppose 0 = -14*u + 27*u - b. Calculate the greatest common divisor of 38 and u.
2
Suppose -2*o - i + 8225 = 0, 0 = 4*o + 32*i - 28*i - 16460. Calculate the greatest common factor of o and 90.
30
Suppose -5*p - 2*t = -248, 4*t + 176 = 2435*p - 2431*p. Calculate the greatest common divisor of p and 23.
1
Let w be (-32994)/(8 - 26) - 0. What is the greatest common factor of 141 and w?
141
Let k(u) = -3*u**2 + 29*u - 16. Let v be k(9). Let c(w) = 2*w - 12. Suppose 41 = 2*i + 11. Let a be c(i). What is the greatest common divisor of v and a?
2
Let l(o) = o**3 - 28*o**2 + 18. Let s be l(28). Suppose -31*k + 741 = -s*k. Calculate the greatest common divisor of 19 and k.
19
Let g be -1*(-1 + 0) + 217 + -219 - -800. Calculate the highest common factor of g and 17.
17
Let w(i) = -2981*i + 71556. Let t be w(24). Let n = -10 - -44. What is the highest common factor of t and n?
2
Let j = -4064 + 4848. What is the highest common factor of 96 and j?
16
Suppose 182*r + 301*r = 358386. What is the greatest common divisor of 14 and r?
14
Suppose -113*w + 123*w = 4050. Suppose 260 + w = 19*x. Calculate the greatest common divisor of x and 28.
7
Let w(s) = 123*s**2 - 8*s + 13. Let k = 200 + -197. Let g be w(k). Calculate the greatest common divisor of g and 8.
8
Let a be 92 + -4 + 1 + 2. Suppose 5*k + 422*b - 4145 = 427*b, 4 = b + 14. Calculate the highest common factor of a and k.
91
Suppose v - 74 - 488 = 44. Calculate the greatest common divisor of v and 54.
6
Let z = 25242 + -25114. What is the highest common factor of z and 56?
8
Let s be 14/(25325/2300 + -11). Calculate the greatest common factor of s and 574.
14
Let f = -8187 - -8265. What is the greatest common factor of 234 and f?
78
Suppose 5*h = -3*v + 119, v - 5*h = -3*v + 147. Suppose -v*o = -44*o - 36. Let z be (o/4)/(((-35)/120)/7). What is the highest common factor of 8 and z?
4
Let n be 8/36 - (1 - 208/36). Suppose 0 = -3*q - 3, 0 = n*v - 4*q - 27 - 747. Calculate the highest common divisor of 14 and v.
14
Let g(u) = 192*u**2 + 2*u. Let k be g(-1). Suppose -155*c + 1